igit of -4 - i - 4 - 1?
8
What is the thousands digit of (-216624)/(-96) - (-2)/4?
2
Let z = 14 + -6. Suppose 0 = z*d + d - 927. What is the hundreds digit of d?
1
Let h = 967 - 565. What is the units digit of h?
2
Let x be -3 + 3 + 0 + -456. Let t = 679 + x. What is the hundreds digit of t?
2
Suppose -2*q + 3*q - 696 = 3*k, -3*q = -k - 2112. What is the units digit of q?
5
Suppose -4*l - 972 = -3*k, 5*k + 0*l + 2*l - 1620 = 0. What is the hundreds digit of k?
3
Suppose 11*b = 10*b + 1. Suppose -4*n = -13 - 3. Suppose d + b - n = 0. What is the units digit of d?
3
Let r = -10 + 19. Let b = r + -3. Suppose -2*l + 18 = -2*w, 3*w + 41 + b = 5*l. What is the tens digit of l?
1
Let l(y) = 2*y + 17. Let x be l(-11). Let j(t) = t**2 + 3*t - 6. Let d be j(x). What is the units digit of 37 - d/(-6)*-3?
5
Suppose 4*c + 3*c + 28 = 0. What is the tens digit of 8*(-1 + (-41)/c)?
7
Suppose 17350 = 5*n - 4*w, 0 = 5*n + 68*w - 63*w - 17350. What is the hundreds digit of n?
4
Suppose -4*n + 65 = -23. What is the units digit of 2*n + 4 + -5?
3
Let l(q) = q**3 + 13*q**2 - 25*q - 5. What is the hundreds digit of l(-13)?
3
Suppose 0 = -4*x + 2*x + 4*x. Suppose x = -4*b + 6*b - 2*o - 244, 513 = 4*b + o. What is the tens digit of b?
2
Suppose -236*y = -246*y + 20760. What is the thousands digit of y?
2
Suppose 5*r - 21 = -3*s, 7*r - 6*r - 2*s = -1. What is the hundreds digit of (-3 + 2)/(r + 1960/(-652))?
1
Let s = 3 + 2. Suppose -s*a + 0*a = -350. What is the tens digit of a?
7
Let k = 14 + -11. Let y(p) = -7*p**2 - 3*p + 2. Let l(x) = -4*x**2 - 2*x + 1. Let q(n) = k*y(n) - 5*l(n). What is the units digit of q(1)?
1
Suppose 5*n = 3 + 22. Suppose -y = 2*l - 13, -15 = -y - n*l + 13. Suppose -k = -p - 4*p - 35, -y*p = 4*k - 48. What is the units digit of k?
5
Let a = -10 + -2. Let n = 15 + a. Suppose b = n*x - 59, x - 2*x = -5*b - 15. What is the units digit of x?
0
Let i(c) = 3*c**3 - 3*c**2 - 3*c. Let u be i(4). Let a = u - 84. Suppose 2*t = 5*t - a. What is the units digit of t?
6
Let f = 99 - 100. What is the units digit of f/1 + -17 + 74?
6
Let n(a) = 5*a**3 - 19*a**2 + 15*a + 7. Let g(t) = 3 - 1 - 6 + 9*t**2 - 7*t - 2*t**3. Let d(o) = 7*g(o) + 3*n(o). What is the units digit of d(-6)?
7
Suppose 0 = 11*p - 9*p - 1634. What is the hundreds digit of p?
8
Let w be (-4)/(-10)*10/2. Suppose 0 = -3*n - w*g + 3*g + 11, 0 = -4*n - 5*g + 40. What is the units digit of n?
5
Let h = 13 + -11. Let w be (-390)/4*h/(-3). Suppose -w = -5*y - 5. What is the tens digit of y?
1
Suppose 5*q = -5*u + 920, -3*u - q - q = -549. Suppose -5*c = -5*h - c + u, 4*h - 5*c - 152 = 0. What is the tens digit of h?
3
Let r(z) = -z**3 - z**2 - 15. Let u be r(0). What is the units digit of -1 + 36/10*u/(-6)?
8
Let x(r) be the second derivative of r**5/20 + 3*r**4/4 + 2*r**3/3 - r**2/2 + 6*r. Let i be x(-4). Suppose -i + 13 = -2*h. What is the tens digit of h?
2
Suppose -5*s + 37 = 2*m + 6, -4*s + 23 = m. Let p(n) = n**2 - 16*n + 70. Let b be p(8). Let x = b - m. What is the units digit of x?
3
Suppose 13*u - 1096 + 43 = 0. What is the tens digit of u?
8
Let d be 3/(2 + 10/(-8)). Suppose -d*q - 2 = -5*q. Suppose z - 3 = -h + 2, -8 = -z - q*h. What is the units digit of z?
2
What is the units digit of 3 + (-4)/16*-3796?
2
Let j = 1338 - 745. What is the units digit of j?
3
Suppose -967 = -13*j + 6391. What is the hundreds digit of j?
5
Let m be (-66)/4*8/12. Let n = m + 67. What is the tens digit of n?
5
Let i = 4511 - -347. What is the units digit of i?
8
Let u = 0 - -3. Suppose -u*i - 2*l + 7 = 2*i, 4*l + 28 = 4*i. Suppose -i*f + 57 - 21 = 0. What is the tens digit of f?
1
Let u = -356 + 1164. What is the hundreds digit of u?
8
Suppose j - 4*z = -21 + 227, z + 824 = 4*j. What is the units digit of j?
6
Let d = 1 + 1. Let m be -4*d/(-8)*5. Let s(b) = b**3 - 3*b**2 - 3*b - 8. What is the units digit of s(m)?
7
Let r(d) = 97*d + 562. What is the hundreds digit of r(33)?
7
Let s(u) = 42*u - 6. Let g be s(3). Suppose 2*w - g = -2*y, 10 = -2*y - 3*y. What is the units digit of w?
2
Suppose 0 = -4*s - 2*p + 26, 0*p = -p + 5. Suppose 4*c - u - 76 = 0, -c - 2*u - 62 = -s*c. Let r = -7 + c. What is the tens digit of r?
1
Suppose 2349 = 6*k + 9. Suppose -m - k = -6*m. What is the tens digit of m?
7
Suppose 22*h - 10412 = 45006. What is the hundreds digit of h?
5
Let z = -128 + 1031. What is the tens digit of z?
0
Let o = -459 - -797. What is the hundreds digit of o?
3
What is the units digit of (-2 - 1059/15)*(-4 + -1)?
3
Suppose -4*k - 11 = 5. Let a(x) = -21*x - 5. What is the tens digit of a(k)?
7
Let z(u) = u**3 - 53*u**2 - 16*u + 45. What is the thousands digit of z(54)?
2
Suppose -6*i = -i - 2*k, k = 0. Suppose i = -4*y - y + 270. What is the units digit of y?
4
Suppose 13*h + 7969 - 56472 = 0. What is the units digit of h?
1
Suppose 5*q = 5*d - 30, -d + 0*d - 3*q + 14 = 0. Suppose 0 = 5*i + 2*z - 5*z + 26, 3*i = -3*z - 6. What is the tens digit of 1/i + 194/d?
2
Let l(u) = 16 + 2*u**2 - 2*u**2 + 3*u**2 - 4*u**2 - 5*u. Let b be l(-7). Suppose -4*h = -2*t + 64, -b*t - 3*h = -0*t - 99. What is the tens digit of t?
4
Let v = 3 + -1. Suppose -4 = v*w - 0. What is the units digit of (-43 + -1 + w)/(-2)?
3
Suppose 0*w = 4*w. Suppose 2*t + 2*c - 4*c - 126 = w, -2*t + c + 123 = 0. What is the units digit of t?
0
Let c = 9187 - 5329. What is the thousands digit of c?
3
Suppose 2*b + 9*t - 240 = 13*t, -2*b + 236 = -2*t. What is the tens digit of b?
1
Let w = -4 + 4. Suppose 0 = -3*q - 6, -2*d - 3*q + w*q + 28 = 0. Let n = d - -1. What is the units digit of n?
8
Suppose -4*w = 5*w - 72. Suppose 246 = 10*y - w*y. What is the tens digit of y?
2
Let y(n) = n**3 + 8*n**2 + 9*n + 10. Let b be y(-7). Let g(v) = v**3 + 4*v - 5. Let f be g(b). Let t = f - -120. What is the tens digit of t?
3
What is the tens digit of (132/99)/((-8)/(-3882))?
4
Let c = 1467 + -1003. What is the tens digit of c?
6
Let f = -61 - -120. Let k = 249 + -213. Let i = f - k. What is the units digit of i?
3
Suppose -529 - 1271 = 12*q. What is the units digit of 15/(3 - 0) - q?
5
Let l = 9 + 1. Suppose 11*c = l*c + 58. What is the units digit of c?
8
Let a be (-1144)/(-11) + 2 + 0. Let r = a + -74. What is the units digit of r?
2
Suppose 5*t - s = 549, 0 = 2*t + 3*s - 26 - 180. Let n = t - 58. What is the tens digit of n?
5
Let s(u) = u**2 - 15*u + 4. Let b be s(15). Suppose -b*a + 0*a + 551 = 5*x, -5*a - 3*x + 679 = 0. What is the hundreds digit of a?
1
Let m = 1903 - 961. What is the tens digit of m?
4
Let g = 877 + -238. What is the hundreds digit of g?
6
Suppose 17*h - 85808 = -27413. What is the thousands digit of h?
3
Let z(t) be the third derivative of -t**6/120 + t**5/10 + t**4/24 + t**3 + 5*t**2. Let h be z(6). What is the units digit of -3 + h + 0 + 2?
1
Suppose -5*w + 33 = 4*m, 2*w - 6*w = 4*m - 28. What is the hundreds digit of (-1992)/(-10) + m/(-10)?
1
Suppose 10*x - 16*x = -1902. What is the units digit of x?
7
Let m(d) be the third derivative of d**5/6 + d**4/8 - d**3/2 + 13*d**2. What is the tens digit of m(2)?
4
Suppose -2 - 6 = 2*g, -3*a - 4*g + 152 = 0. Let w = a - -12. What is the units digit of w?
8
Let y(k) = k**3 + 26*k**2 + 14*k - 12. What is the tens digit of y(-7)?
2
Suppose 185*z - 181*z - 4404 = 0. What is the units digit of z?
1
Let v(a) be the first derivative of 13*a**2/2 + 3*a - 7. What is the tens digit of v(3)?
4
Suppose 5*z - 2*d = -36, 3*z + 0*d + d + 15 = 0. Let s(n) = 4*n**2 + 7*n + 7. What is the units digit of s(z)?
9
Let t = -35 - -38. Suppose -230 = -5*r - 3*c + 8*c, -42 = -r - t*c. What is the units digit of r?
5
Let t be 830/14 + 2/(-7). Let p be t - (6 + -2)/2. Let o = p - 3. What is the units digit of o?
4
Let b = 718 + 2604. What is the units digit of b?
2
Let u(q) = 2*q**2 - 8*q + 5. Let g(v) = v. Let p(f) = -3*g(f) + u(f). Let h(k) be the first derivative of p(k). What is the tens digit of h(8)?
2
Let v = -1 + 4. Suppose v*k = k. Suppose k = -3*y - 2*y + 230. What is the units digit of y?
6
Suppose -4*d - 1280 = -9*d + 5*m, 0 = -3*d + 4*m + 766. Suppose -2*g = -5*c - d, c + 6 - 2 = 0. What is the hundreds digit of g?
1
Suppose -2*j + 0*x = 2*x - 262, 0 = 4*j - 4*x - 516. Suppose -j + 34 = 4*s. Let a = -11 - s. What is the units digit of a?
3
Let i(y) = 68*y**3 + 4*y + 2. Let p be i(-1). Let q =